3. What is the highest common factor of 152 and n?
8
Let y be ((-116)/14)/(-2) + 30/(-210). Suppose y*o = -5*n + 96, -23 = -5*o - n + 76. What is the greatest common divisor of o and 209?
19
Let j(q) = -q**3 + 10*q**2 + 9*q - 18. Let i(s) = -s**2. Let b(c) = -3*i(c) - j(c). Let x be b(8). Let m = 8 - -2. What is the highest common factor of m and x?
10
Suppose -61*j = -71*j + 70. What is the highest common divisor of j and 350?
7
Suppose 6*n - 28 = 2*n. Let i(k) = 3*k + 3. Let y be i(n). Let d = y + -6. Calculate the highest common factor of 9 and d.
9
Suppose -48*i = -18*i - 16320. What is the greatest common divisor of i and 204?
68
Let u(x) = -x + 11. Let q be u(6). Suppose -2*t - 11 = -12*d + 9*d, -2*d = -t - 6. What is the greatest common divisor of d and q?
1
Let i(q) = 2*q**2 + 21*q - 96. Let z be i(8). Calculate the highest common factor of z and 75.
25
Let g = -2 + 10. Let r be (-2)/g + (-33)/(-4). Suppose 5*f - 2*w = 591, -605 = -5*f + 3*w - r*w. Calculate the highest common divisor of 17 and f.
17
Suppose -g = -1 - 7. Suppose 2*i + 4*o + g = 0, -13 = 5*o + 2. Suppose -2*d - i = -22. What is the greatest common divisor of 25 and d?
5
Suppose 169 = 6*t - t + 2*l, 3*l + 126 = 4*t. Calculate the greatest common divisor of t and 297.
33
Let x be (-22)/(-5) + 4/(-10). Suppose -5 = -b, x*c - 6 = -2*b + 40. Suppose 0 = -5*u + 7*u + 8, -u - 148 = -4*o. What is the greatest common factor of c and o?
9
Let u(c) = -13 - c**2 + 2*c**2 + c - 4*c - 3*c. Let a be u(11). Let v be ((-15)/6 - 1)*-30. Calculate the highest common factor of a and v.
21
Let r = 19 + -26. Let o(s) = 2*s**2 - 8*s + 5. Let q be o(r). Let w = -71 + q. Calculate the greatest common divisor of 8 and w.
8
Let d(f) = -84*f + 87. Let p be d(1). Calculate the greatest common factor of 8 and p.
1
Let k be 1/(2 + 458/(-230)). Suppose 4*n = 5*a - k, n + 72 = 5*a - 28. Let j = -16 + a. Calculate the greatest common divisor of 15 and j.
3
Suppose 2*l = v + 3*v + 202, 4*l = -v + 422. Let f = -652 - -667. Calculate the greatest common divisor of l and f.
15
Let y(g) = -27*g + 46. Let r be y(-14). Calculate the greatest common factor of 53 and r.
53
Let k(y) = y + 20. Let h be k(-24). Let q(r) = -5*r - 14. Let v be q(h). What is the greatest common factor of v and 15?
3
Let m = -71 + 72. Calculate the highest common divisor of m and 8.
1
Let p = -268 + 296. What is the highest common factor of p and 1652?
28
Let a be ((-2)/4)/(3/(-6))*127. Suppose -122*r = -a*r + 95. Suppose -4*u = -2*k + 326, 2*u = -k + 55 + 124. Calculate the greatest common factor of k and r.
19
Suppose -1456 = -69*y + 1304. Calculate the greatest common factor of 16 and y.
8
Let k = 50 + -44. Let l be k + (2 - 3)/1. Calculate the greatest common divisor of l and 2.
1
Suppose 3*p - 17 = 4*a, 4*p + 4*a = 4 - 0. Let l be (-236)/4*3/(-3). Suppose -3*c - 14 + l = 0. Calculate the highest common factor of p and c.
3
Suppose 26 + 86 = 4*u. Let f be 1 + -2 + (-8)/(-1). Suppose -f*h + 2*h + 35 = 0. Calculate the highest common divisor of u and h.
7
Suppose -4*t - 4*p - 196 = 0, -94 = 2*t - 0*p + 4*p. Let w = -28 - t. What is the greatest common divisor of w and 115?
23
Suppose -2*h - 21 = -3*n, h - 3*h + 9 = 3*n. What is the greatest common divisor of 55 and n?
5
Let i(h) = -2*h**2 + h + 6. Let p be i(0). Let x(m) = 2*m**2 - m - 1. Let u be x(-5). What is the greatest common factor of p and u?
6
Let j(b) = 5*b**3 - 3*b**2 + 2*b. Let c be j(2). Suppose 2*o + 20 = 5*k, 0 = -3*k + k - o + 8. What is the greatest common divisor of c and k?
4
Let j = -14 - -52. Let d(l) = 91*l + 1123. Let c be d(-9). Calculate the highest common divisor of c and j.
38
Let f = 310 - 237. Calculate the highest common divisor of 511 and f.
73
Suppose 0 = -21*b - 200 + 473. Suppose 2*y + 6*r - 2*r - 282 = 0, -4*y = 4*r - 568. What is the greatest common factor of y and b?
13
Let j be ((-12)/7)/((-14)/49). Suppose 0 = j*i - i + 85. Let w be (i + 3)*(-1 + 0). Calculate the highest common divisor of w and 2.
2
Suppose 0 = 2*r - 0*r - 6. Suppose -3*k + 2 = -5*k - 3*f, -4*k = r*f - 2. Let m = 48 + k. What is the greatest common factor of 10 and m?
10
Let f be 2/8 - (-119)/(-28). Let v = f + 7. Suppose -v*z + 78 = w + 13, -w = -3*z + 55. What is the greatest common divisor of z and 8?
4
Let l(v) be the first derivative of v**3/3 + 2*v + 6. Let x be l(-3). Calculate the highest common factor of x and 11.
11
Suppose 3*j - a - 62 = 0, 3*j + 0*a - 5*a - 46 = 0. Let r be 3 + (-11)/(j/(-192)). Calculate the greatest common factor of 33 and r.
33
Let r be 2/5 - (-87)/(-5). Let f = -16 - r. Suppose -2*k - 2*k + 3*y + 39 = 0, -2*k = -5*y - 23. What is the greatest common factor of k and f?
1
Let j = 12 + -5. Let n be (-15)/(-150) + 589/10 - 3. What is the highest common divisor of n and j?
7
Suppose -4*r + 101 - 1361 = -4*m, 4*m - 1245 = r. What is the highest common divisor of m and 10?
10
Suppose 42*f = 37*f + 50. Let a = -14 + 29. What is the highest common divisor of f and a?
5
Let z = 366 - 353. Calculate the greatest common factor of z and 13.
13
Let n = -542 - -552. Let q be 33*-15*(-6)/27. What is the highest common factor of q and n?
10
Suppose 5*j = 4*r + 2*j - 147, 5*j + 157 = 4*r. What is the greatest common divisor of r and 264?
33
Suppose -3 = 3*r, -2*t - 4*r + 20 + 20 = 0. Suppose -k + t = -17. Calculate the greatest common factor of k and 195.
39
Let u(n) = -n**3 - 28*n**2 - 29*n + 30. Let h be u(-27). Calculate the greatest common factor of 21 and h.
21
Suppose -3*f + 15*f = 312. What is the greatest common divisor of f and 858?
26
Suppose -2*w = 5*p - 85, w + w - 10 = 0. What is the highest common divisor of p and 160?
5
Suppose -3*p = 5*p - 5*p. Suppose -2*x - 4*x + 108 = p. Suppose 4*i = -i + 225. What is the highest common factor of i and x?
9
Let w be 6/(-15) - 447/(-5). Suppose -3*p = p + 4*h + 84, 4*p + w = -3*h. Let n be 4/p - 45/(-39). What is the highest common factor of n and 11?
1
Let n(k) = -k + 7. Let q be n(2). Let p be 20 - q/(15/(-12)). What is the greatest common divisor of p and 24?
24
Let g be -1 - (-3)/(6/44). Let i(n) = -n - 12. Suppose 0 = d - 20*h + 21*h + 34, -d - 29 = -4*h. Let z be i(d). Calculate the highest common factor of z and g.
21
Let q be ((-32)/4 + 0)*(-2)/4. Suppose 3*z = 4*n - q + 6, -3*n = -2*z. Calculate the greatest common factor of 8 and z.
2
Suppose 474 = 5*h - 3*z - 874, -2*h + 528 = -4*z. Suppose 0*c - 12 = -4*c, -5*v - 4*c + h = 0. What is the highest common divisor of 130 and v?
26
Let y(k) = 3*k + 6. Let l be y(5). Let f = -633 - -675. Calculate the highest common divisor of l and f.
21
Suppose f = k + 33, -2*f + 2*k = -3*f + 18. Let u be (3/(-12) - 0) + (-507)/(-12). Calculate the greatest common divisor of f and u.
14
Let u(j) = -7*j + 4. Let h be u(-4). Let q = 1097 + -1093. What is the greatest common divisor of q and h?
4
Let z be ((-17982)/370)/((-9)/15). Let t be ((0 - 0) + -9)/(-1). What is the highest common factor of z and t?
9
Let x(p) = -18*p - 31. Let m be x(-4). What is the greatest common factor of 41 and m?
41
Let p(d) = d**2 + 9*d + 1. Let j be p(-9). Let w be 1 - (j/(-1) + -8). Let u(i) = -i + 10. Let o be u(-10). What is the highest common factor of w and o?
10
Let p be ((-16)/4 - -1) + 11. Let f be (2/(-4))/((-4)/p). Let u be 16/(6 + -2) + f. What is the highest common factor of u and 45?
5
Let d = 62 - 60. Suppose 0 = 5*x - 0*x + q - 71, -4*x = d*q - 52. Suppose 7*z - 3*z = 540. Calculate the highest common divisor of x and z.
15
Let j be (-284)/(-14) + 4 + (-8)/28. What is the highest common divisor of j and 648?
24
Let k be 2/8 + (-1270)/(-40)*1. What is the greatest common divisor of 80 and k?
16
Let z be 66*(3 + 32/(-6)). Let t = -110 - z. Suppose -28 - t = -3*r. Calculate the greatest common factor of 8 and r.
8
Suppose 4*y + 32 - 16 = 0. Let p be ((-28)/(-35))/(y/(-170)). Calculate the highest common factor of 102 and p.
34
Suppose 160 + 56 = 9*d. Let m = d - 15. What is the greatest common divisor of 36 and m?
9
Let x(v) = v**2 + 12*v + 12. Let m(t) = 2*t**2 + 25*t + 23. Let r(p) = 2*m(p) - 5*x(p). Let o be r(-7). Calculate the highest common factor of o and 49.
7
Let v = 10 - -4. Suppose -8*p + v = -34. What is the highest common divisor of 24 and p?
6
Let n = -480 - -7